se 9) to base 14.
b34
Convert -150250 (base 7) to base 2.
-111000100010001
Convert -8900 (base 10) to base 3.
-110012122
Convert -c310 (base 13) to base 2.
-110100100000100
-463 (base 7) to base 2
-11110001
What is -228 (base 11) in base 15?
-132
45b2 (base 15) to base 16
39c8
Convert -61604 (base 8) to base 3.
-1021221120
What is -31a87 (base 12) in base 5?
-4043404
What is 134d (base 14) in base 8?
6511
What is -1b377 (base 12) in base 5?
-2242032
What is 10503 (base 6) in base 12?
a33
120313 (base 4) to base 7
4432
What is 9a (base 13) in base 2?
1111111
What is -221211 (base 3) in base 6?
-3121
Convert 15153 (base 8) to base 7.
25501
-100300 (base 4) to base 2
-10000110000
Convert -70 (base 10) to base 6.
-154
What is -6a9 (base 14) in base 11?
-aa5
What is 1000000111010 (base 2) in base 13?
1b77
-11258 (base 10) to base 3
-120102222
What is 428 (base 9) in base 6?
1342
What is -5051 (base 6) in base 14?
-595
What is -9c6 (base 16) in base 12?
-1546
What is -1bd0 (base 16) in base 11?
-5393
What is 13273 (base 9) in base 13?
4116
What is 65632 (base 8) in base 13?
c6cc
2441034 (base 5) to base 3
2100122022
248 (base 13) to base 12
292
Convert -110000 (base 3) to base 6.
-1300
1100010010101 (base 2) to base 12
3785
What is ae (base 16) in base 5?
1144
Convert -121 (base 7) to base 11.
-59
Convert 1b82 (base 12) to base 2.
110101010010
Convert -1a1 (base 14) to base 4.
-11101
Convert 13166 (base 10) to base 4.
3031232
-3c26 (base 13) to base 7
-34136
What is -4631 (base 8) in base 11?
-1934
Convert 965c (base 16) to base 5.
2212432
What is -3033321 (base 4) in base 6?
-141333
-122112220 (base 3) to base 4
-3013323
523106 (base 7) to base 5
10334141
What is 1110 (base 11) in base 2?
10110110111
Convert -1215 (base 8) to base 5.
-10103
-62112 (base 8) to base 16
-644a
What is 3c (base 13) in base 8?
63
What is -a875 (base 12) in base 15?
-574b
What is -331b (base 16) in base 15?
-3d23
Convert -4115 (base 9) to base 16.
-bc3
What is -3313201 (base 4) in base 8?
-36741
1690 (base 11) to base 15
98b
-8186 (base 14) to base 16
-56fa
Convert 112421 (base 5) to base 16.
100f
What is -24204 (base 6) in base 15?
-10a7
Convert -11710 (base 9) to base 16.
-1eba
What is 153441 (base 8) in base 7?
316364
10cc (base 14) to base 16
b6c
Convert 204251 (base 8) to base 2.
10000100010101001
What is 288 (base 15) in base 7?
1454
What is 7832 (base 9) in base 14?
216c
Convert -1012000110 (base 3) to base 5.
-1221330
What is 502 (base 16) in base 6?
5534
What is 672 (base 11) in base 7?
2230
-23452 (base 9) to base 12
-90a8
-1a30 (base 13) to base 15
-126b
5480 (base 10) to base 15
1955
What is -92c8 (base 16) in base 12?
-198b4
What is 21221 (base 3) in base 9?
257
What is 550 (base 6) in base 7?
420
What is 26723 (base 11) in base 12?
1a0a4
Convert 1284 (base 14) to base 9.
4413
210202200 (base 3) to base 2
11110111111011
What is -208 (base 11) in base 4?
-3322
What is 12311 (base 4) in base 7?
1163
What is -1623 (base 10) in base 9?
-2203
100110111100111 (base 2) to base 6
232155
22022202 (base 3) to base 5
143233
Convert -100001000 (base 2) to base 12.
-1a0
Convert 22034 (base 8) to base 11.
6a44
231333 (base 4) to base 8
5577
Convert 332 (base 8) to base 15.
e8
-1304024 (base 5) to base 9
-37888
Convert -5735 (base 12) to base 5.
-302224
-231102 (base 4) to base 11
-21a5
What is -924 (base 15) in base 4?
-200023
16123 (base 8) to base 4
1301103
What is -644 (base 16) in base 6?
-11232
Convert 215103 (base 6) to base 16.
462f
Convert 582 (base 11) to base 10.
695
2754 (base 13) to base 9
7663
f5c (base 16) to base 3
12101122
What is 2651 (base 8) in base 5?
21244
What is -5312 (base 6) in base 14?
-616
Convert 1263 (base 7) to base 10.
486
Convert 21112 (base 3) to base 14.
107
What is -12b2 (base 12) in base 5?
-32100
-242 (base 9) to base 3
-21102
-4648 (base 13) to base 8
-23206
What is 356 (base 12) in base 5?
3443
1204b (base 12) to base 14
8ba3
Convert -1303313 (base 4) to base 15.
-22e5
Convert 20110 (base 6) to base 13.
1278
Convert -401 (base 13) to base 14.
-365
Convert -36709 (base 10) to base 11.
-25642
What is 34a (base 12) in base 15?
22a
What is 16828 (base 11) in base 5?
1224000
-6552 (base 13) to base 3
-201100000
Convert -135 (base 7) to base 11.
-69
112344 (base 5) to base 12
2457
Convert -19a3 (base 12) to base 8.
-6113
Convert 1551 (base 15) to base 12.
2794
Convert 1903 (base 11) to base 13.
1145
-200112000 (base 3) to base 16
-34bc
What is 5213 (base 9) in base 3?
12020110
What is -1001 (base 8) in base 14?
-289
111001 (base 3) to base 11
2a0
Convert 320312 (base 4) to base 12.
2132
Convert -24c7 (base 15) to base 7.
-31564
527a (base 11) to base 8
15510
What is 681 (base 12) in base 15?
441
What is 2012 (base 3) in base 6?
135
-1100112220 (base 3) to base 6
-323210
Convert 136 (base 15) to base 7.
543
What is 14 (base 10) in base 2?
1110
Convert -87d (base 14) to base 15.
-76e
Convert 7200 (base 12) to base 4.
3001200
What is -11546 (base 9) in base 11?
-58a4
What is -5474 (base 9) in base 15?
-12e1
What is -2401300 (base 5) in base 14?
-12034
Convert -2a50 (base 13) to base 9.
-8382
Convert -216 (base 14) to base 7.
-1126
What is 3023 (base 8) in base 16?
613
Convert -2212000122 (base 3) to base 5.
-3244100
What is 55505 (base 7) in base 9?
21142
What is -271 (base 8) in base 16?
-b9
Convert 2640 (base 7) to base 4.
33300
What is 215 (base 6) in base 9?
102
576 (base 16) to base 14
71c
What is 10010000111111 (base 2) in base 9?
13650
What is -7876 (base 16) in base 14?
-b34a
-2e8 (base 15) to base 10
-668
3118 (base 9) to base 16
8ed
42 (base 6) to base 15
1b
2105 (base 6) to base 2
111011001
What is -3307 (base 10) in base 5?
-101212
Convert 1754 (base 9) to base 2.
10101000001
What is -1124 (base 8) in base 12?
-418
What is 12223 (base 10) in base 2?
10111110111111
What is 437 (base 12) in base 4?
21223
What is -1736 (base 9) in base 5?
-20304
12202110 (base 3) to base 16
1065
4002 (base 7) to base 12
966
What is -10715 (base 9) in base 5?
-212032
-22201 (base 3) to base 15
-10a
What is -652 (base 7) in base 10?
-331
What is 13223 (base 5) in base 16?
427
-1101011011110 (base 2) to base 13
-3191
-2982 (base 10) to base 15
-d3c
Convert d26b (base 15) to base 13.
172b5
Convert -22042 (base 5) to base 6.
-11014
Convert -b72 (base 16) to base 7.
-11354
Convert -13328 (base 10) to base 9.
-20248
105212 (base 8) to base 6
432110
Convert 4285 (base 15) to base 4.
3123323
Convert -1241 (base 9) to base 5.
-12203
Convert -4cbe (base 15) to base 3.
-211110122
Convert -34436 (base 9) to base 6.
-254140
What is 2256 (base 10) in base 9?
3076
Convert -255 (base 13) to base 16.
-198
Convert 5091 (base 10) to base 6.
35323
5285 (base 11) to base 13
3249
What is 15111 (base 7) in base 9?
5646
What is 11021 (base 3) in base 8?
163
110201 (base 3) to base 7
1000
What is -27ba5 (base 12) in base 14?
-16205
6cd0 (base 15) to base 7
124323
What is -433040 (base 6) in base 10?
-35664
Convert -86 (base 10) to base 14.
-62
What is -1711 (base 9) in base 3?
-1210101
Convert -132 (base 7) to base 6.
-200
What is -a2 (base 14) in base 3?
-12021
What is -21016 (base 7) in base 5?
-131113
2502 (base 8) to base 11
1014
Convert -1575 (base 10) to base 9.
-2140
-200101221 (base 3) to base 16
-3469
Convert -121 (base 15) to base 6.
-1104
What is be4 (base 16) in base 2?
101111100100
Convert 1cc (base 14) to base 7.
1045
What is 40 (base 11) in base 2?
101100
-1704 (base 8) to base 14
-4cc
Convert 4cd (base 14) to base 3.
1022202
Convert -8349 (base 10) to base 7.
-33225
What is -558 (base 14) in base 10?
-1058
Convert 1105212 (base 6) to base 7.
321035
487 (base 12) to base 5
10204
Convert -24211 (base 7) to base 16.
-1888
Convert -23154 (base 6) to base 16.
-cee
Convert -1621 (base 9) to base 12.
-86a
Convert 1370 (base 11) to base 15.
7d1
-13108 (base 11) to base 13
-8704
-1115200 (base 6) to base 5
-3310010
What is -14c7 (base 13) in base 7?
-11565
Convert 267 (base 14) to base 9.
586
What is 3441 (base 6) in base 15?
397
What is 2013311 (base 5) in base 7?
163155
Convert -234c (base 14) to base 4.
-1200000
Convert 1210222 (base 3) to base 5.
20242
2243 (base 6) to base 12
383
-10011011111100 (base 2) to base 5
-304410
Convert -320231 (base 5) to base 16.
-